{"version":"1.0","provider_name":"Jeunesse th\u00e9\u00e2trale de Mervelier","provider_url":"https:\/\/theatremervelier.ch","author_name":"admin","author_url":"https:\/\/theatremervelier.ch\/?author=1","title":"Accueil - Jeunesse th\u00e9\u00e2trale de Mervelier","type":"rich","width":600,"height":338,"html":"<blockquote class=\"wp-embedded-content\" data-secret=\"pfq2OyPKMa\"><a href=\"https:\/\/theatremervelier.ch\/\">Accueil<\/a><\/blockquote><iframe sandbox=\"allow-scripts\" security=\"restricted\" src=\"https:\/\/theatremervelier.ch\/?embed=true#?secret=pfq2OyPKMa\" width=\"600\" height=\"338\" title=\"\u00ab\u00a0Accueil\u00a0\u00bb &#8212; Jeunesse th\u00e9\u00e2trale de Mervelier\" data-secret=\"pfq2OyPKMa\" frameborder=\"0\" marginwidth=\"0\" marginheight=\"0\" scrolling=\"no\" class=\"wp-embedded-content\"><\/iframe><script>\n\/*! This file is auto-generated *\/\n!function(d,l){\"use strict\";l.querySelector&&d.addEventListener&&\"undefined\"!=typeof URL&&(d.wp=d.wp||{},d.wp.receiveEmbedMessage||(d.wp.receiveEmbedMessage=function(e){var t=e.data;if((t||t.secret||t.message||t.value)&&!\/[^a-zA-Z0-9]\/.test(t.secret)){for(var s,r,n,a=l.querySelectorAll('iframe[data-secret=\"'+t.secret+'\"]'),o=l.querySelectorAll('blockquote[data-secret=\"'+t.secret+'\"]'),c=new RegExp(\"^https?:$\",\"i\"),i=0;i<o.length;i++)o[i].style.display=\"none\";for(i=0;i<a.length;i++)s=a[i],e.source===s.contentWindow&&(s.removeAttribute(\"style\"),\"height\"===t.message?(1e3<(r=parseInt(t.value,10))?r=1e3:~~r<200&&(r=200),s.height=r):\"link\"===t.message&&(r=new URL(s.getAttribute(\"src\")),n=new URL(t.value),c.test(n.protocol))&&n.host===r.host&&l.activeElement===s&&(d.top.location.href=t.value))}},d.addEventListener(\"message\",d.wp.receiveEmbedMessage,!1),l.addEventListener(\"DOMContentLoaded\",function(){for(var e,t,s=l.querySelectorAll(\"iframe.wp-embedded-content\"),r=0;r<s.length;r++)(t=(e=s[r]).getAttribute(\"data-secret\"))||(t=Math.random().toString(36).substring(2,12),e.src+=\"#?secret=\"+t,e.setAttribute(\"data-secret\",t)),e.contentWindow.postMessage({message:\"ready\",secret:t},\"*\")},!1)))}(window,document);\n\/\/# sourceURL=https:\/\/theatremervelier.ch\/wp-includes\/js\/wp-embed.min.js\n<\/script>\n","description":"Cr\u00e9ation 2025 \/ Jeunesse th\u00e9\u00e2trale de Mervelier LES TERBIS DU MONT-TERRIBLE\u00a0 Une com\u00e9die historique et locale \u00e9crite et mise en sc\u00e8ne par C\u00e9lien Milani\u00a0dans le&hellip;","thumbnail_url":"https:\/\/theatremervelier.ch\/wp-content\/uploads\/2025\/02\/WhatsApp-Image-2025-02-11-a-09.32.01_ce1276d8-724x1024.jpg"}

Jeunesse théâtrale de Mervelier

Accueil - Jeunesse théâtrale de Mervelier

<blockquote class="wp-embedded-content" data-secret="pfq2OyPKMa"><a href="https://theatremervelier.ch/">Accueil</a></blockquote><iframe sandbox="allow-scripts" security="restricted" src="https://theatremervelier.ch/?embed=true#?secret=pfq2OyPKMa" width="600" height="338" title="« Accueil » &#8212; Jeunesse théâtrale de Mervelier" data-secret="pfq2OyPKMa" frameborder="0" marginwidth="0" marginheight="0" scrolling="no" class="wp-embedded-content"></iframe><script>
/*! This file is auto-generated */
!function(d,l){"use strict";l.querySelector&&d.addEventListener&&"undefined"!=typeof URL&&(d.wp=d.wp||{},d.wp.receiveEmbedMessage||(d.wp.receiveEmbedMessage=function(e){var t=e.data;if((t||t.secret||t.message||t.value)&&!/[^a-zA-Z0-9]/.test(t.secret)){for(var s,r,n,a=l.querySelectorAll('iframe[data-secret="'+t.secret+'"]'),o=l.querySelectorAll('blockquote[data-secret="'+t.secret+'"]'),c=new RegExp("^https?:$","i"),i=0;i<o.length;i++)o[i].style.display="none";for(i=0;i<a.length;i++)s=a[i],e.source===s.contentWindow&&(s.removeAttribute("style"),"height"===t.message?(1e3<(r=parseInt(t.value,10))?r=1e3:~~r<200&&(r=200),s.height=r):"link"===t.message&&(r=new URL(s.getAttribute("src")),n=new URL(t.value),c.test(n.protocol))&&n.host===r.host&&l.activeElement===s&&(d.top.location.href=t.value))}},d.addEventListener("message",d.wp.receiveEmbedMessage,!1),l.addEventListener("DOMContentLoaded",function(){for(var e,t,s=l.querySelectorAll("iframe.wp-embedded-content"),r=0;r<s.length;r++)(t=(e=s[r]).getAttribute("data-secret"))||(t=Math.random().toString(36).substring(2,12),e.src+="#?secret="+t,e.setAttribute("data-secret",t)),e.contentWindow.postMessage({message:"ready",secret:t},"*")},!1)))}(window,document);
//# sourceURL=https://theatremervelier.ch/wp-includes/js/wp-embed.min.js
</script>

Création 2025 / Jeunesse théâtrale de Mervelier LES TERBIS DU MONT-TERRIBLE  Une comédie historique et locale écrite et mise en scène par Célien Milani dans le&hellip;
