{"id":117,"date":"2023-03-27T14:34:17","date_gmt":"2023-03-27T14:34:17","guid":{"rendered":"https:\/\/theatremervelier.ch\/?page_id=117"},"modified":"2025-01-09T16:16:59","modified_gmt":"2025-01-09T16:16:59","slug":"les-comediens","status":"publish","type":"page","link":"https:\/\/theatremervelier.ch\/?page_id=117","title":{"rendered":"Les com\u00e9diens"},"content":{"rendered":"\t\t<div data-elementor-type=\"wp-page\" data-elementor-id=\"117\" class=\"elementor elementor-117\">\n\t\t\t\t\t\t\t\t\t<section class=\"elementor-section elementor-top-section elementor-element elementor-element-375ab0f elementor-section-boxed elementor-section-height-default elementor-section-height-default\" data-id=\"375ab0f\" data-element_type=\"section\">\n\t\t\t\t\t\t<div class=\"elementor-container elementor-column-gap-default\">\n\t\t\t\t\t<div class=\"elementor-column elementor-col-100 elementor-top-column elementor-element elementor-element-4739df6\" data-id=\"4739df6\" data-element_type=\"column\">\n\t\t\t<div class=\"elementor-widget-wrap elementor-element-populated\">\n\t\t\t\t\t\t\t\t<div class=\"elementor-element elementor-element-b42c621 elementor-widget elementor-widget-text-editor\" data-id=\"b42c621\" data-element_type=\"widget\" data-widget_type=\"text-editor.default\">\n\t\t\t\t<div class=\"elementor-widget-container\">\n\t\t\t<style>\/*! elementor - v3.11.5 - 14-03-2023 *\/\n.elementor-widget-text-editor.elementor-drop-cap-view-stacked .elementor-drop-cap{background-color:#818a91;color:#fff}.elementor-widget-text-editor.elementor-drop-cap-view-framed .elementor-drop-cap{color:#818a91;border:3px solid;background-color:transparent}.elementor-widget-text-editor:not(.elementor-drop-cap-view-default) .elementor-drop-cap{margin-top:8px}.elementor-widget-text-editor:not(.elementor-drop-cap-view-default) .elementor-drop-cap-letter{width:1em;height:1em}.elementor-widget-text-editor .elementor-drop-cap{float:left;text-align:center;line-height:1;font-size:50px}.elementor-widget-text-editor .elementor-drop-cap-letter{display:inline-block}<\/style>\t\t\t\t<p>Voici les com\u00e9dien(ne)s pour la pi\u00e8ce <strong>LES TERBIS DU MONT-TERRIBLE <\/strong>\u00a0:\u00a0<\/p><ul><li>M\u00e9lanie Terreaux<\/li><li>Antoinette Mouttet<\/li><li>Germaine Monnerat<\/li><li>Laurie Leuenberger<\/li><li>Alexandre Frel\u00e9choz<\/li><li>Diego Tomaselli<\/li><li>Emmanuel Glauser<\/li><li>Vincent Schindelholz<\/li><li>Ren\u00e9 Mouttet<\/li><\/ul>\t\t\t\t\t\t<\/div>\n\t\t\t\t<\/div>\n\t\t\t\t\t<\/div>\n\t\t<\/div>\n\t\t\t\t\t\t\t<\/div>\n\t\t<\/section>\n\t\t\t\t\t\t\t<\/div>\n\t\t","protected":false},"excerpt":{"rendered":"<p>Voici les com\u00e9dien(ne)s pour la pi\u00e8ce LES TERBIS DU MONT-TERRIBLE \u00a0:\u00a0 M\u00e9lanie Terreaux Antoinette Mouttet Germaine Monnerat Laurie Leuenberger Alexandre Frel\u00e9choz Diego Tomaselli Emmanuel Glauser&hellip;<\/p>\n","protected":false},"author":1,"featured_media":0,"parent":0,"menu_order":0,"comment_status":"closed","ping_status":"closed","template":"","meta":{"footnotes":""},"class_list":["post-117","page","type-page","status-publish","hentry"],"yoast_head":"<!-- This site is optimized with the Yoast SEO plugin v20.3 - https:\/\/yoast.com\/wordpress\/plugins\/seo\/ -->\n<title>Les com\u00e9diens - Jeunesse th\u00e9\u00e2trale de Mervelier<\/title>\n<meta name=\"robots\" content=\"index, follow, max-snippet:-1, max-image-preview:large, max-video-preview:-1\" \/>\n<link rel=\"canonical\" href=\"https:\/\/theatremervelier.ch\/?page_id=117\" \/>\n<meta property=\"og:locale\" content=\"fr_FR\" \/>\n<meta property=\"og:type\" content=\"article\" \/>\n<meta property=\"og:title\" content=\"Les com\u00e9diens - Jeunesse th\u00e9\u00e2trale de Mervelier\" \/>\n<meta property=\"og:description\" content=\"Voici les com\u00e9dien(ne)s pour la pi\u00e8ce LES TERBIS DU MONT-TERRIBLE \u00a0:\u00a0 M\u00e9lanie Terreaux Antoinette Mouttet Germaine Monnerat Laurie Leuenberger Alexandre Frel\u00e9choz Diego Tomaselli Emmanuel Glauser&hellip;\" \/>\n<meta property=\"og:url\" content=\"https:\/\/theatremervelier.ch\/?page_id=117\" \/>\n<meta property=\"og:site_name\" content=\"Jeunesse th\u00e9\u00e2trale de Mervelier\" \/>\n<meta property=\"article:modified_time\" content=\"2025-01-09T16:16:59+00:00\" \/>\n<meta name=\"twitter:card\" content=\"summary_large_image\" \/>\n<meta name=\"twitter:label1\" content=\"Dur\u00e9e de lecture estim\u00e9e\" \/>\n\t<meta name=\"twitter:data1\" content=\"1 minute\" \/>\n<script type=\"application\/ld+json\" class=\"yoast-schema-graph\">{\"@context\":\"https:\/\/schema.org\",\"@graph\":[{\"@type\":\"WebPage\",\"@id\":\"https:\/\/theatremervelier.ch\/?page_id=117\",\"url\":\"https:\/\/theatremervelier.ch\/?page_id=117\",\"name\":\"Les com\u00e9diens - Jeunesse th\u00e9\u00e2trale de Mervelier\",\"isPartOf\":{\"@id\":\"https:\/\/theatremervelier.ch\/#website\"},\"datePublished\":\"2023-03-27T14:34:17+00:00\",\"dateModified\":\"2025-01-09T16:16:59+00:00\",\"breadcrumb\":{\"@id\":\"https:\/\/theatremervelier.ch\/?page_id=117#breadcrumb\"},\"inLanguage\":\"fr-FR\",\"potentialAction\":[{\"@type\":\"ReadAction\",\"target\":[\"https:\/\/theatremervelier.ch\/?page_id=117\"]}]},{\"@type\":\"BreadcrumbList\",\"@id\":\"https:\/\/theatremervelier.ch\/?page_id=117#breadcrumb\",\"itemListElement\":[{\"@type\":\"ListItem\",\"position\":1,\"name\":\"Accueil\",\"item\":\"https:\/\/theatremervelier.ch\/\"},{\"@type\":\"ListItem\",\"position\":2,\"name\":\"Les com\u00e9diens\"}]},{\"@type\":\"WebSite\",\"@id\":\"https:\/\/theatremervelier.ch\/#website\",\"url\":\"https:\/\/theatremervelier.ch\/\",\"name\":\"Jeunesse th\u00e9\u00e2trale de Mervelier\",\"description\":\"\",\"publisher\":{\"@id\":\"https:\/\/theatremervelier.ch\/#organization\"},\"potentialAction\":[{\"@type\":\"SearchAction\",\"target\":{\"@type\":\"EntryPoint\",\"urlTemplate\":\"https:\/\/theatremervelier.ch\/?s={search_term_string}\"},\"query-input\":\"required name=search_term_string\"}],\"inLanguage\":\"fr-FR\"},{\"@type\":\"Organization\",\"@id\":\"https:\/\/theatremervelier.ch\/#organization\",\"name\":\"Jeunesse th\u00e9\u00e2trale de Mervelier\",\"url\":\"https:\/\/theatremervelier.ch\/\",\"logo\":{\"@type\":\"ImageObject\",\"inLanguage\":\"fr-FR\",\"@id\":\"https:\/\/theatremervelier.ch\/#\/schema\/logo\/image\/\",\"url\":\"https:\/\/theatremervelier.ch\/wp-content\/uploads\/2023\/03\/cropped-logo-theatre.jpg\",\"contentUrl\":\"https:\/\/theatremervelier.ch\/wp-content\/uploads\/2023\/03\/cropped-logo-theatre.jpg\",\"width\":695,\"height\":497,\"caption\":\"Jeunesse th\u00e9\u00e2trale de Mervelier\"},\"image\":{\"@id\":\"https:\/\/theatremervelier.ch\/#\/schema\/logo\/image\/\"}}]}<\/script>\n<!-- \/ Yoast SEO plugin. -->","yoast_head_json":{"title":"Les com\u00e9diens - Jeunesse th\u00e9\u00e2trale de Mervelier","robots":{"index":"index","follow":"follow","max-snippet":"max-snippet:-1","max-image-preview":"max-image-preview:large","max-video-preview":"max-video-preview:-1"},"canonical":"https:\/\/theatremervelier.ch\/?page_id=117","og_locale":"fr_FR","og_type":"article","og_title":"Les com\u00e9diens - Jeunesse th\u00e9\u00e2trale de Mervelier","og_description":"Voici les com\u00e9dien(ne)s pour la pi\u00e8ce LES TERBIS DU MONT-TERRIBLE \u00a0:\u00a0 M\u00e9lanie Terreaux Antoinette Mouttet Germaine Monnerat Laurie Leuenberger Alexandre Frel\u00e9choz Diego Tomaselli Emmanuel Glauser&hellip;","og_url":"https:\/\/theatremervelier.ch\/?page_id=117","og_site_name":"Jeunesse th\u00e9\u00e2trale de Mervelier","article_modified_time":"2025-01-09T16:16:59+00:00","twitter_card":"summary_large_image","twitter_misc":{"Dur\u00e9e de lecture estim\u00e9e":"1 minute"},"schema":{"@context":"https:\/\/schema.org","@graph":[{"@type":"WebPage","@id":"https:\/\/theatremervelier.ch\/?page_id=117","url":"https:\/\/theatremervelier.ch\/?page_id=117","name":"Les com\u00e9diens - Jeunesse th\u00e9\u00e2trale de Mervelier","isPartOf":{"@id":"https:\/\/theatremervelier.ch\/#website"},"datePublished":"2023-03-27T14:34:17+00:00","dateModified":"2025-01-09T16:16:59+00:00","breadcrumb":{"@id":"https:\/\/theatremervelier.ch\/?page_id=117#breadcrumb"},"inLanguage":"fr-FR","potentialAction":[{"@type":"ReadAction","target":["https:\/\/theatremervelier.ch\/?page_id=117"]}]},{"@type":"BreadcrumbList","@id":"https:\/\/theatremervelier.ch\/?page_id=117#breadcrumb","itemListElement":[{"@type":"ListItem","position":1,"name":"Accueil","item":"https:\/\/theatremervelier.ch\/"},{"@type":"ListItem","position":2,"name":"Les com\u00e9diens"}]},{"@type":"WebSite","@id":"https:\/\/theatremervelier.ch\/#website","url":"https:\/\/theatremervelier.ch\/","name":"Jeunesse th\u00e9\u00e2trale de Mervelier","description":"","publisher":{"@id":"https:\/\/theatremervelier.ch\/#organization"},"potentialAction":[{"@type":"SearchAction","target":{"@type":"EntryPoint","urlTemplate":"https:\/\/theatremervelier.ch\/?s={search_term_string}"},"query-input":"required name=search_term_string"}],"inLanguage":"fr-FR"},{"@type":"Organization","@id":"https:\/\/theatremervelier.ch\/#organization","name":"Jeunesse th\u00e9\u00e2trale de Mervelier","url":"https:\/\/theatremervelier.ch\/","logo":{"@type":"ImageObject","inLanguage":"fr-FR","@id":"https:\/\/theatremervelier.ch\/#\/schema\/logo\/image\/","url":"https:\/\/theatremervelier.ch\/wp-content\/uploads\/2023\/03\/cropped-logo-theatre.jpg","contentUrl":"https:\/\/theatremervelier.ch\/wp-content\/uploads\/2023\/03\/cropped-logo-theatre.jpg","width":695,"height":497,"caption":"Jeunesse th\u00e9\u00e2trale de Mervelier"},"image":{"@id":"https:\/\/theatremervelier.ch\/#\/schema\/logo\/image\/"}}]}},"_links":{"self":[{"href":"https:\/\/theatremervelier.ch\/index.php?rest_route=\/wp\/v2\/pages\/117","targetHints":{"allow":["GET"]}}],"collection":[{"href":"https:\/\/theatremervelier.ch\/index.php?rest_route=\/wp\/v2\/pages"}],"about":[{"href":"https:\/\/theatremervelier.ch\/index.php?rest_route=\/wp\/v2\/types\/page"}],"author":[{"embeddable":true,"href":"https:\/\/theatremervelier.ch\/index.php?rest_route=\/wp\/v2\/users\/1"}],"replies":[{"embeddable":true,"href":"https:\/\/theatremervelier.ch\/index.php?rest_route=%2Fwp%2Fv2%2Fcomments&post=117"}],"version-history":[{"count":19,"href":"https:\/\/theatremervelier.ch\/index.php?rest_route=\/wp\/v2\/pages\/117\/revisions"}],"predecessor-version":[{"id":249,"href":"https:\/\/theatremervelier.ch\/index.php?rest_route=\/wp\/v2\/pages\/117\/revisions\/249"}],"wp:attachment":[{"href":"https:\/\/theatremervelier.ch\/index.php?rest_route=%2Fwp%2Fv2%2Fmedia&parent=117"}],"curies":[{"name":"wp","href":"https:\/\/api.w.org\/{rel}","templated":true}]}}

Les comédiens

<div data-elementor-type="wp-page" data-elementor-id="117" class="elementor elementor-117">
									<section class="elementor-section elementor-top-section elementor-element elementor-element-375ab0f elementor-section-boxed elementor-section-height-default elementor-section-height-default" data-id="375ab0f" data-element_type="section">
						<div class="elementor-container elementor-column-gap-default">
					<div class="elementor-column elementor-col-100 elementor-top-column elementor-element elementor-element-4739df6" data-id="4739df6" data-element_type="column">
			<div class="elementor-widget-wrap elementor-element-populated">
								<div class="elementor-element elementor-element-b42c621 elementor-widget elementor-widget-text-editor" data-id="b42c621" data-element_type="widget" data-widget_type="text-editor.default">
				<div class="elementor-widget-container">
			<style>/*! elementor - v3.11.5 - 14-03-2023 */
.elementor-widget-text-editor.elementor-drop-cap-view-stacked .elementor-drop-cap{background-color:#818a91;color:#fff}.elementor-widget-text-editor.elementor-drop-cap-view-framed .elementor-drop-cap{color:#818a91;border:3px solid;background-color:transparent}.elementor-widget-text-editor:not(.elementor-drop-cap-view-default) .elementor-drop-cap{margin-top:8px}.elementor-widget-text-editor:not(.elementor-drop-cap-view-default) .elementor-drop-cap-letter{width:1em;height:1em}.elementor-widget-text-editor .elementor-drop-cap{float:left;text-align:center;line-height:1;font-size:50px}.elementor-widget-text-editor .elementor-drop-cap-letter{display:inline-block}</style>				<p>Voici les comédien(ne)s pour la pièce <strong>LES TERBIS DU MONT-TERRIBLE </strong> : </p><ul><li>Mélanie Terreaux</li><li>Antoinette Mouttet</li><li>Germaine Monnerat</li><li>Laurie Leuenberger</li><li>Alexandre Freléchoz</li><li>Diego Tomaselli</li><li>Emmanuel Glauser</li><li>Vincent Schindelholz</li><li>René Mouttet</li></ul>						</div>
				</div>
					</div>
		</div>
							</div>
		</section>
							</div>

<p>Voici les comédien(ne)s pour la pièce LES TERBIS DU MONT-TERRIBLE  :  Mélanie Terreaux Antoinette Mouttet Germaine Monnerat Laurie Leuenberger Alexandre Freléchoz Diego Tomaselli Emmanuel Glauser&hellip;</p>

<!-- This site is optimized with the Yoast SEO plugin v20.3 - https://yoast.com/wordpress/plugins/seo/ -->
<title>Les comédiens - Jeunesse théâtrale de Mervelier</title>
<meta name="robots" content="index, follow, max-snippet:-1, max-image-preview:large, max-video-preview:-1" />
<link rel="canonical" href="https://theatremervelier.ch/?page_id=117" />
<meta property="og:locale" content="fr_FR" />
<meta property="og:type" content="article" />
<meta property="og:title" content="Les comédiens - Jeunesse théâtrale de Mervelier" />
<meta property="og:description" content="Voici les comédien(ne)s pour la pièce LES TERBIS DU MONT-TERRIBLE  :  Mélanie Terreaux Antoinette Mouttet Germaine Monnerat Laurie Leuenberger Alexandre Freléchoz Diego Tomaselli Emmanuel Glauser&hellip;" />
<meta property="og:url" content="https://theatremervelier.ch/?page_id=117" />
<meta property="og:site_name" content="Jeunesse théâtrale de Mervelier" />
<meta property="article:modified_time" content="2025-01-09T16:16:59+00:00" />
<meta name="twitter:card" content="summary_large_image" />
<meta name="twitter:label1" content="Durée de lecture estimée" />
	<meta name="twitter:data1" content="1 minute" />
<script type="application/ld+json" class="yoast-schema-graph">{"@context":"https://schema.org","@graph":[{"@type":"WebPage","@id":"https://theatremervelier.ch/?page_id=117","url":"https://theatremervelier.ch/?page_id=117","name":"Les comédiens - Jeunesse théâtrale de Mervelier","isPartOf":{"@id":"https://theatremervelier.ch/#website"},"datePublished":"2023-03-27T14:34:17+00:00","dateModified":"2025-01-09T16:16:59+00:00","breadcrumb":{"@id":"https://theatremervelier.ch/?page_id=117#breadcrumb"},"inLanguage":"fr-FR","potentialAction":[{"@type":"ReadAction","target":["https://theatremervelier.ch/?page_id=117"]}]},{"@type":"BreadcrumbList","@id":"https://theatremervelier.ch/?page_id=117#breadcrumb","itemListElement":[{"@type":"ListItem","position":1,"name":"Accueil","item":"https://theatremervelier.ch/"},{"@type":"ListItem","position":2,"name":"Les comédiens"}]},{"@type":"WebSite","@id":"https://theatremervelier.ch/#website","url":"https://theatremervelier.ch/","name":"Jeunesse théâtrale de Mervelier","description":"","publisher":{"@id":"https://theatremervelier.ch/#organization"},"potentialAction":[{"@type":"SearchAction","target":{"@type":"EntryPoint","urlTemplate":"https://theatremervelier.ch/?s={search_term_string}"},"query-input":"required name=search_term_string"}],"inLanguage":"fr-FR"},{"@type":"Organization","@id":"https://theatremervelier.ch/#organization","name":"Jeunesse théâtrale de Mervelier","url":"https://theatremervelier.ch/","logo":{"@type":"ImageObject","inLanguage":"fr-FR","@id":"https://theatremervelier.ch/#/schema/logo/image/","url":"https://theatremervelier.ch/wp-content/uploads/2023/03/cropped-logo-theatre.jpg","contentUrl":"https://theatremervelier.ch/wp-content/uploads/2023/03/cropped-logo-theatre.jpg","width":695,"height":497,"caption":"Jeunesse théâtrale de Mervelier"},"image":{"@id":"https://theatremervelier.ch/#/schema/logo/image/"}}]}</script>
<!-- / Yoast SEO plugin. -->

Les comédiens - Jeunesse théâtrale de Mervelier

Voici les comédien(ne)s pour la pièce LES TERBIS DU MONT-TERRIBLE  :  Mélanie Terreaux Antoinette Mouttet Germaine Monnerat Laurie Leuenberger Alexandre Freléchoz Diego Tomaselli Emmanuel Glauser&hellip;

Jeunesse théâtrale de Mervelier
