{"id":122,"date":"2023-03-27T14:35:02","date_gmt":"2023-03-27T14:35:02","guid":{"rendered":"https:\/\/theatremervelier.ch\/?page_id=122"},"modified":"2023-03-28T14:35:30","modified_gmt":"2023-03-28T14:35:30","slug":"historique","status":"publish","type":"page","link":"https:\/\/theatremervelier.ch\/?page_id=122","title":{"rendered":"Historique"},"content":{"rendered":"\t\t<div data-elementor-type=\"wp-page\" data-elementor-id=\"122\" class=\"elementor elementor-122\">\n\t\t\t\t\t\t\t\t\t<section class=\"elementor-section elementor-top-section elementor-element elementor-element-b1dfb26 elementor-section-boxed elementor-section-height-default elementor-section-height-default\" data-id=\"b1dfb26\" data-element_type=\"section\">\n\t\t\t\t\t\t<div class=\"elementor-container elementor-column-gap-default\">\n\t\t\t\t\t<div class=\"elementor-column elementor-col-100 elementor-top-column elementor-element elementor-element-a790853\" data-id=\"a790853\" data-element_type=\"column\">\n\t\t\t<div class=\"elementor-widget-wrap elementor-element-populated\">\n\t\t\t\t\t\t\t\t<div class=\"elementor-element elementor-element-d916462 elementor-widget elementor-widget-text-editor\" data-id=\"d916462\" data-element_type=\"widget\" data-widget_type=\"text-editor.default\">\n\t\t\t\t<div class=\"elementor-widget-container\">\n\t\t\t<style>\/*! elementor - v3.11.5 - 14-03-2023 *\/\n.elementor-widget-text-editor.elementor-drop-cap-view-stacked .elementor-drop-cap{background-color:#818a91;color:#fff}.elementor-widget-text-editor.elementor-drop-cap-view-framed .elementor-drop-cap{color:#818a91;border:3px solid;background-color:transparent}.elementor-widget-text-editor:not(.elementor-drop-cap-view-default) .elementor-drop-cap{margin-top:8px}.elementor-widget-text-editor:not(.elementor-drop-cap-view-default) .elementor-drop-cap-letter{width:1em;height:1em}.elementor-widget-text-editor .elementor-drop-cap{float:left;text-align:center;line-height:1;font-size:50px}.elementor-widget-text-editor .elementor-drop-cap-letter{display:inline-block}<\/style>\t\t\t\t<p>La troupe Jeunesse Th\u00e9\u00e2trale de Mervelier est n\u00e9e en 1975, par un groupe de jeunes citoyens motiv\u00e9s \u00e0 monter un spectacle afin de le pr\u00e9senter \u00e0 la population.<\/p><p>Depuis 2021, la compagnie form\u00e9e par des com\u00e9diens amateurs du village et d&rsquo;ailleurs, soutenue par un comit\u00e9 charg\u00e9 de l&rsquo;organisation des repr\u00e9sentations, a souhait\u00e9 entamer une mue en accueillant un metteur en sc\u00e8ne pro, ceci afin de progresser et de d\u00e9couvrir aussi d&rsquo;autres horizons du 6\u00e8me Art, dans le but toujours, de proposer des pi\u00e8ces vari\u00e9es \u00e0 son fid\u00e8le public.<\/p>\t\t\t\t\t\t<\/div>\n\t\t\t\t<\/div>\n\t\t\t\t\t<\/div>\n\t\t<\/div>\n\t\t\t\t\t\t\t<\/div>\n\t\t<\/section>\n\t\t\t\t\t\t\t<\/div>\n\t\t","protected":false},"excerpt":{"rendered":"<p>La troupe Jeunesse Th\u00e9\u00e2trale de Mervelier est n\u00e9e en 1975, par un groupe de jeunes citoyens motiv\u00e9s \u00e0 monter un spectacle afin de le pr\u00e9senter&hellip;<\/p>\n","protected":false},"author":1,"featured_media":0,"parent":0,"menu_order":0,"comment_status":"closed","ping_status":"closed","template":"","meta":{"footnotes":""},"class_list":["post-122","page","type-page","status-publish","hentry"],"yoast_head":"<!-- This site is optimized with the Yoast SEO plugin v20.3 - https:\/\/yoast.com\/wordpress\/plugins\/seo\/ -->\n<title>Historique - Jeunesse th\u00e9\u00e2trale de Mervelier<\/title>\n<meta name=\"robots\" content=\"index, follow, max-snippet:-1, max-image-preview:large, max-video-preview:-1\" \/>\n<link rel=\"canonical\" href=\"https:\/\/theatremervelier.ch\/?page_id=122\" \/>\n<meta property=\"og:locale\" content=\"fr_FR\" \/>\n<meta property=\"og:type\" content=\"article\" \/>\n<meta property=\"og:title\" content=\"Historique - Jeunesse th\u00e9\u00e2trale de Mervelier\" \/>\n<meta property=\"og:description\" content=\"La troupe Jeunesse Th\u00e9\u00e2trale de Mervelier est n\u00e9e en 1975, par un groupe de jeunes citoyens motiv\u00e9s \u00e0 monter un spectacle afin de le pr\u00e9senter&hellip;\" \/>\n<meta property=\"og:url\" content=\"https:\/\/theatremervelier.ch\/?page_id=122\" \/>\n<meta property=\"og:site_name\" content=\"Jeunesse th\u00e9\u00e2trale de Mervelier\" \/>\n<meta property=\"article:modified_time\" content=\"2023-03-28T14:35:30+00:00\" \/>\n<meta name=\"twitter:card\" content=\"summary_large_image\" \/>\n<meta name=\"twitter:label1\" content=\"Dur\u00e9e de lecture estim\u00e9e\" \/>\n\t<meta name=\"twitter:data1\" content=\"1 minute\" \/>\n<script type=\"application\/ld+json\" class=\"yoast-schema-graph\">{\"@context\":\"https:\/\/schema.org\",\"@graph\":[{\"@type\":\"WebPage\",\"@id\":\"https:\/\/theatremervelier.ch\/?page_id=122\",\"url\":\"https:\/\/theatremervelier.ch\/?page_id=122\",\"name\":\"Historique - Jeunesse th\u00e9\u00e2trale de Mervelier\",\"isPartOf\":{\"@id\":\"https:\/\/theatremervelier.ch\/#website\"},\"datePublished\":\"2023-03-27T14:35:02+00:00\",\"dateModified\":\"2023-03-28T14:35:30+00:00\",\"breadcrumb\":{\"@id\":\"https:\/\/theatremervelier.ch\/?page_id=122#breadcrumb\"},\"inLanguage\":\"fr-FR\",\"potentialAction\":[{\"@type\":\"ReadAction\",\"target\":[\"https:\/\/theatremervelier.ch\/?page_id=122\"]}]},{\"@type\":\"BreadcrumbList\",\"@id\":\"https:\/\/theatremervelier.ch\/?page_id=122#breadcrumb\",\"itemListElement\":[{\"@type\":\"ListItem\",\"position\":1,\"name\":\"Accueil\",\"item\":\"https:\/\/theatremervelier.ch\/\"},{\"@type\":\"ListItem\",\"position\":2,\"name\":\"Historique\"}]},{\"@type\":\"WebSite\",\"@id\":\"https:\/\/theatremervelier.ch\/#website\",\"url\":\"https:\/\/theatremervelier.ch\/\",\"name\":\"Jeunesse th\u00e9\u00e2trale de Mervelier\",\"description\":\"\",\"publisher\":{\"@id\":\"https:\/\/theatremervelier.ch\/#organization\"},\"potentialAction\":[{\"@type\":\"SearchAction\",\"target\":{\"@type\":\"EntryPoint\",\"urlTemplate\":\"https:\/\/theatremervelier.ch\/?s={search_term_string}\"},\"query-input\":\"required name=search_term_string\"}],\"inLanguage\":\"fr-FR\"},{\"@type\":\"Organization\",\"@id\":\"https:\/\/theatremervelier.ch\/#organization\",\"name\":\"Jeunesse th\u00e9\u00e2trale de Mervelier\",\"url\":\"https:\/\/theatremervelier.ch\/\",\"logo\":{\"@type\":\"ImageObject\",\"inLanguage\":\"fr-FR\",\"@id\":\"https:\/\/theatremervelier.ch\/#\/schema\/logo\/image\/\",\"url\":\"https:\/\/theatremervelier.ch\/wp-content\/uploads\/2023\/03\/cropped-logo-theatre.jpg\",\"contentUrl\":\"https:\/\/theatremervelier.ch\/wp-content\/uploads\/2023\/03\/cropped-logo-theatre.jpg\",\"width\":695,\"height\":497,\"caption\":\"Jeunesse th\u00e9\u00e2trale de Mervelier\"},\"image\":{\"@id\":\"https:\/\/theatremervelier.ch\/#\/schema\/logo\/image\/\"}}]}<\/script>\n<!-- \/ Yoast SEO plugin. -->","yoast_head_json":{"title":"Historique - Jeunesse th\u00e9\u00e2trale de Mervelier","robots":{"index":"index","follow":"follow","max-snippet":"max-snippet:-1","max-image-preview":"max-image-preview:large","max-video-preview":"max-video-preview:-1"},"canonical":"https:\/\/theatremervelier.ch\/?page_id=122","og_locale":"fr_FR","og_type":"article","og_title":"Historique - Jeunesse th\u00e9\u00e2trale de Mervelier","og_description":"La troupe Jeunesse Th\u00e9\u00e2trale de Mervelier est n\u00e9e en 1975, par un groupe de jeunes citoyens motiv\u00e9s \u00e0 monter un spectacle afin de le pr\u00e9senter&hellip;","og_url":"https:\/\/theatremervelier.ch\/?page_id=122","og_site_name":"Jeunesse th\u00e9\u00e2trale de Mervelier","article_modified_time":"2023-03-28T14:35:30+00:00","twitter_card":"summary_large_image","twitter_misc":{"Dur\u00e9e de lecture estim\u00e9e":"1 minute"},"schema":{"@context":"https:\/\/schema.org","@graph":[{"@type":"WebPage","@id":"https:\/\/theatremervelier.ch\/?page_id=122","url":"https:\/\/theatremervelier.ch\/?page_id=122","name":"Historique - Jeunesse th\u00e9\u00e2trale de Mervelier","isPartOf":{"@id":"https:\/\/theatremervelier.ch\/#website"},"datePublished":"2023-03-27T14:35:02+00:00","dateModified":"2023-03-28T14:35:30+00:00","breadcrumb":{"@id":"https:\/\/theatremervelier.ch\/?page_id=122#breadcrumb"},"inLanguage":"fr-FR","potentialAction":[{"@type":"ReadAction","target":["https:\/\/theatremervelier.ch\/?page_id=122"]}]},{"@type":"BreadcrumbList","@id":"https:\/\/theatremervelier.ch\/?page_id=122#breadcrumb","itemListElement":[{"@type":"ListItem","position":1,"name":"Accueil","item":"https:\/\/theatremervelier.ch\/"},{"@type":"ListItem","position":2,"name":"Historique"}]},{"@type":"WebSite","@id":"https:\/\/theatremervelier.ch\/#website","url":"https:\/\/theatremervelier.ch\/","name":"Jeunesse th\u00e9\u00e2trale de Mervelier","description":"","publisher":{"@id":"https:\/\/theatremervelier.ch\/#organization"},"potentialAction":[{"@type":"SearchAction","target":{"@type":"EntryPoint","urlTemplate":"https:\/\/theatremervelier.ch\/?s={search_term_string}"},"query-input":"required name=search_term_string"}],"inLanguage":"fr-FR"},{"@type":"Organization","@id":"https:\/\/theatremervelier.ch\/#organization","name":"Jeunesse th\u00e9\u00e2trale de Mervelier","url":"https:\/\/theatremervelier.ch\/","logo":{"@type":"ImageObject","inLanguage":"fr-FR","@id":"https:\/\/theatremervelier.ch\/#\/schema\/logo\/image\/","url":"https:\/\/theatremervelier.ch\/wp-content\/uploads\/2023\/03\/cropped-logo-theatre.jpg","contentUrl":"https:\/\/theatremervelier.ch\/wp-content\/uploads\/2023\/03\/cropped-logo-theatre.jpg","width":695,"height":497,"caption":"Jeunesse th\u00e9\u00e2trale de Mervelier"},"image":{"@id":"https:\/\/theatremervelier.ch\/#\/schema\/logo\/image\/"}}]}},"_links":{"self":[{"href":"https:\/\/theatremervelier.ch\/index.php?rest_route=\/wp\/v2\/pages\/122","targetHints":{"allow":["GET"]}}],"collection":[{"href":"https:\/\/theatremervelier.ch\/index.php?rest_route=\/wp\/v2\/pages"}],"about":[{"href":"https:\/\/theatremervelier.ch\/index.php?rest_route=\/wp\/v2\/types\/page"}],"author":[{"embeddable":true,"href":"https:\/\/theatremervelier.ch\/index.php?rest_route=\/wp\/v2\/users\/1"}],"replies":[{"embeddable":true,"href":"https:\/\/theatremervelier.ch\/index.php?rest_route=%2Fwp%2Fv2%2Fcomments&post=122"}],"version-history":[{"count":4,"href":"https:\/\/theatremervelier.ch\/index.php?rest_route=\/wp\/v2\/pages\/122\/revisions"}],"predecessor-version":[{"id":135,"href":"https:\/\/theatremervelier.ch\/index.php?rest_route=\/wp\/v2\/pages\/122\/revisions\/135"}],"wp:attachment":[{"href":"https:\/\/theatremervelier.ch\/index.php?rest_route=%2Fwp%2Fv2%2Fmedia&parent=122"}],"curies":[{"name":"wp","href":"https:\/\/api.w.org\/{rel}","templated":true}]}}

<div data-elementor-type="wp-page" data-elementor-id="122" class="elementor elementor-122">
									<section class="elementor-section elementor-top-section elementor-element elementor-element-b1dfb26 elementor-section-boxed elementor-section-height-default elementor-section-height-default" data-id="b1dfb26" data-element_type="section">
						<div class="elementor-container elementor-column-gap-default">
					<div class="elementor-column elementor-col-100 elementor-top-column elementor-element elementor-element-a790853" data-id="a790853" data-element_type="column">
			<div class="elementor-widget-wrap elementor-element-populated">
								<div class="elementor-element elementor-element-d916462 elementor-widget elementor-widget-text-editor" data-id="d916462" data-element_type="widget" data-widget_type="text-editor.default">
				<div class="elementor-widget-container">
			<style>/*! elementor - v3.11.5 - 14-03-2023 */
.elementor-widget-text-editor.elementor-drop-cap-view-stacked .elementor-drop-cap{background-color:#818a91;color:#fff}.elementor-widget-text-editor.elementor-drop-cap-view-framed .elementor-drop-cap{color:#818a91;border:3px solid;background-color:transparent}.elementor-widget-text-editor:not(.elementor-drop-cap-view-default) .elementor-drop-cap{margin-top:8px}.elementor-widget-text-editor:not(.elementor-drop-cap-view-default) .elementor-drop-cap-letter{width:1em;height:1em}.elementor-widget-text-editor .elementor-drop-cap{float:left;text-align:center;line-height:1;font-size:50px}.elementor-widget-text-editor .elementor-drop-cap-letter{display:inline-block}</style>				<p>La troupe Jeunesse Théâtrale de Mervelier est née en 1975, par un groupe de jeunes citoyens motivés à monter un spectacle afin de le présenter à la population.</p><p>Depuis 2021, la compagnie formée par des comédiens amateurs du village et d&rsquo;ailleurs, soutenue par un comité chargé de l&rsquo;organisation des représentations, a souhaité entamer une mue en accueillant un metteur en scène pro, ceci afin de progresser et de découvrir aussi d&rsquo;autres horizons du 6ème Art, dans le but toujours, de proposer des pièces variées à son fidèle public.</p>						</div>
				</div>
					</div>
		</div>
							</div>
		</section>
							</div>

<p>La troupe Jeunesse Théâtrale de Mervelier est née en 1975, par un groupe de jeunes citoyens motivés à monter un spectacle afin de le présenter&hellip;</p>

<!-- This site is optimized with the Yoast SEO plugin v20.3 - https://yoast.com/wordpress/plugins/seo/ -->
<title>Historique - Jeunesse théâtrale de Mervelier</title>
<meta name="robots" content="index, follow, max-snippet:-1, max-image-preview:large, max-video-preview:-1" />
<link rel="canonical" href="https://theatremervelier.ch/?page_id=122" />
<meta property="og:locale" content="fr_FR" />
<meta property="og:type" content="article" />
<meta property="og:title" content="Historique - Jeunesse théâtrale de Mervelier" />
<meta property="og:description" content="La troupe Jeunesse Théâtrale de Mervelier est née en 1975, par un groupe de jeunes citoyens motivés à monter un spectacle afin de le présenter&hellip;" />
<meta property="og:url" content="https://theatremervelier.ch/?page_id=122" />
<meta property="og:site_name" content="Jeunesse théâtrale de Mervelier" />
<meta property="article:modified_time" content="2023-03-28T14:35:30+00:00" />
<meta name="twitter:card" content="summary_large_image" />
<meta name="twitter:label1" content="Durée de lecture estimée" />
	<meta name="twitter:data1" content="1 minute" />
<script type="application/ld+json" class="yoast-schema-graph">{"@context":"https://schema.org","@graph":[{"@type":"WebPage","@id":"https://theatremervelier.ch/?page_id=122","url":"https://theatremervelier.ch/?page_id=122","name":"Historique - Jeunesse théâtrale de Mervelier","isPartOf":{"@id":"https://theatremervelier.ch/#website"},"datePublished":"2023-03-27T14:35:02+00:00","dateModified":"2023-03-28T14:35:30+00:00","breadcrumb":{"@id":"https://theatremervelier.ch/?page_id=122#breadcrumb"},"inLanguage":"fr-FR","potentialAction":[{"@type":"ReadAction","target":["https://theatremervelier.ch/?page_id=122"]}]},{"@type":"BreadcrumbList","@id":"https://theatremervelier.ch/?page_id=122#breadcrumb","itemListElement":[{"@type":"ListItem","position":1,"name":"Accueil","item":"https://theatremervelier.ch/"},{"@type":"ListItem","position":2,"name":"Historique"}]},{"@type":"WebSite","@id":"https://theatremervelier.ch/#website","url":"https://theatremervelier.ch/","name":"Jeunesse théâtrale de Mervelier","description":"","publisher":{"@id":"https://theatremervelier.ch/#organization"},"potentialAction":[{"@type":"SearchAction","target":{"@type":"EntryPoint","urlTemplate":"https://theatremervelier.ch/?s={search_term_string}"},"query-input":"required name=search_term_string"}],"inLanguage":"fr-FR"},{"@type":"Organization","@id":"https://theatremervelier.ch/#organization","name":"Jeunesse théâtrale de Mervelier","url":"https://theatremervelier.ch/","logo":{"@type":"ImageObject","inLanguage":"fr-FR","@id":"https://theatremervelier.ch/#/schema/logo/image/","url":"https://theatremervelier.ch/wp-content/uploads/2023/03/cropped-logo-theatre.jpg","contentUrl":"https://theatremervelier.ch/wp-content/uploads/2023/03/cropped-logo-theatre.jpg","width":695,"height":497,"caption":"Jeunesse théâtrale de Mervelier"},"image":{"@id":"https://theatremervelier.ch/#/schema/logo/image/"}}]}</script>
<!-- / Yoast SEO plugin. -->

Historique - Jeunesse théâtrale de Mervelier

La troupe Jeunesse Théâtrale de Mervelier est née en 1975, par un groupe de jeunes citoyens motivés à monter un spectacle afin de le présenter&hellip;

Jeunesse théâtrale de Mervelier
